 = 2*a + 32. Let i be b(-12). Let r(m) = -3*m + 19. Determine r(i).
-5
Suppose 3*l - 3*c = -12, 13*l + 10 = 12*l + 4*c. Let h = -16 - -10. Let i = l - h. Let d(y) = y - 1. Determine d(i).
3
Let g(c) = 35*c**2 - 131*c**2 + 95*c**2 + 19 - 8*c. What is g(-10)?
-1
Let o(g) = -4872*g**2 - 4*g - 6 - 7*g + 4873*g**2. Calculate o(11).
-6
Let y(h) be the first derivative of -2 - 1/2*h**2 - 2*h - h**3. Let q(r) be the first derivative of y(r). Give q(1).
-7
Let p(y) be the first derivative of y**3/3 + 9*y**2 + 20*y - 526. Give p(-16).
-12
Let f(o) = -10*o**3 - 2*o**2 + 1. Let b(c) = c**2 + 3*c + 1. Let m = 30 - 31. Let d be b(m). Calculate f(d).
9
Let k(j) = -2*j - 32. Let m(h) = 8*h**2 + 42*h - 2. Let r be m(-5). Give k(r).
-8
Let a = 811/4 + -608/3. Let d(w) be the second derivative of 0 - 5/6*w**3 - 6*w + a*w**4 - 2*w**2. What is d(3)?
-10
Let b(v) = v**2 + 0*v + 7*v + 0*v - 6*v - 1. Give b(2).
5
Let b(d) = -39*d**2 - 522 + 521 - 8*d + 40*d**2. Let a = 13 - 5. Calculate b(a).
-1
Let w(t) = 61*t**3 - 12*t**2 + 12*t + 5. Let s(u) = -u**3 + 2*u**2 - 2*u - 1. Let j(z) = 6*s(z) + w(z). Calculate j(-1).
-56
Let d(o) = -2*o**2 - 11*o + 9. Let b be d(-6). Suppose b = -u + 6. Let k(g) = 3*g + u*g + 9*g - 4*g - 1. Give k(-1).
-12
Let b = 307 - 296. Let m(y) = -y**2 + 11*y + 16. Calculate m(b).
16
Let v(c) = -c**2 + 8*c + 10. Let g(u) = -u**2 - 21*u + 9. Let m be g(-21). Determine v(m).
1
Suppose -4*p - 14 + 10 = 0, -3*u - 15 = -3*p. Let j(m) = -5*m + 2. Calculate j(u).
32
Suppose -16326 = 2*o - 16350. Let v(j) = -j**3 + 13*j**2 - 15*j + 12. What is v(o)?
-24
Let h(n) = 0*n + n**3 + 4*n**2 - 5*n**2 + 2*n**2 + 4*n**2 - 5 - 5*n. Give h(-4).
31
Suppose -5*x + 6 = -2*c, 2*c - 8 = 10*x - 12*x. Let n(u) = -u**2 + 2*u - 6. Determine n(c).
-6
Let a be (-2 + 1 + 0)*2. Let c(m) = 14*m**2 - 2*m + 3. Let z(j) = -40*j**2 + 5*j - 9. Let s(x) = -17*c(x) - 6*z(x). Determine s(a).
3
Suppose 3*f + 10 = x, 2*f - 6*x - 2 = -x. Let u(v) = 2*v**2 + 6*v + 2. Give u(f).
10
Let s(x) be the third derivative of x**4/8 + 13*x**3/3 + x**2. Let v be s(-6). Let q(o) = o**2 - 9*o + 11. Give q(v).
3
Let m(x) = 3 - 5*x - x**3 - 2 + 5 + 10*x + 4*x**2. Let n(a) = a**3 + 3*a**2 - 3*a - 4. Let w(s) = -3*s + 12. Let t be w(5). Let k be n(t). Determine m(k).
6
Let b(z) be the third derivative of z**5/30 - 5*z**4/24 - z**3/2 + 3*z**2 + 19. Determine b(3).
0
Let f(r) be the second derivative of r**3/2 - 4*r**2 + r + 25. Let z be f(6). Let x(a) = a**2 - 10*a - 4. What is x(z)?
-4
Let p(r) be the second derivative of 1/6*r**3 + 0*r**2 + 26*r + 0. Give p(-1).
-1
Let p(l) be the second derivative of 0 + 1/4*l**4 - 1/120*l**6 + 1/20*l**5 + l - 5/2*l**2 - 1/6*l**3. Let r(f) be the first derivative of p(f). What is r(4)?
7
Suppose 0 = -7*d + 9*d. Suppose d = -g + 2 - 5. Let i(u) be the third derivative of -u**6/120 - u**5/15 - 5*u**4/24 - 2*u**3/3 - u**2. Give i(g).
2
Let s(c) be the first derivative of c**7/840 + c**6/72 - c**5/20 - c**4/8 - 4*c**3 - 43. Let h(d) be the third derivative of s(d). Determine h(-6).
-3
Let n(u) = u**2 + u. Let z(p) = -7*p**2 - 9*p + 7. Let x(f) = -6*n(f) - z(f). Suppose -12*k - 73 = -13. Give x(k).
3
Let z(g) = 3*g**2 + 4*g + 1. Let o(j) = -4*j**2 - 5*j - 2. Let s(k) = 2*o(k) + 3*z(k). Let d be 45/18 - 3/2. Calculate s(d).
2
Let g(p) = -2*p**3 - 39*p**2 - 46*p + 45. Let t(j) = j**3 + 20*j**2 + 24*j - 24. Let r(y) = -6*g(y) - 11*t(y). Let k(f) = 13*f. Let q be k(-1). Calculate r(q).
7
Let g(h) = -28*h**2 - 6*h**2 + 7 + 33*h**2 - 6*h. Suppose m - 2 = 0, 4*d = -4*m - 7 - 9. Give g(d).
7
Let b(d) = 3*d**2 + 2*d**2 + 2*d + 0*d + 1 + d**3 + 2. Let j = 14 - 15. Let o = -6 - j. Give b(o).
-7
Let v(w) = 2*w + 1. Let d be 156/65*(-20)/6. Let i = d + 7. Calculate v(i).
-1
Suppose -5*d + 36 = -0*z + 3*z, -4*d - 2*z + 30 = 0. Let w(u) = -8*u + 68. Calculate w(d).
-4
Suppose 144 = -5*u + 14*u. Let q(x) = x**2 - 14*x - 32. Determine q(u).
0
Let x(m) = 6*m**3 - 5*m**2 - 56 + 51 - 2*m - m**3 - 6*m**3. Determine x(-4).
-13
Let n(d) = -3*d**2 + 2*d + 1. Let z(o) = -10*o**2 + 2*o + 12. Let v(a) = 3*n(a) - z(a). Give v(-8).
23
Let r(a) = 3*a**3 + 5*a**2 + 11*a + 8. Let m(u) = -u**3 - u. Let d(i) = 4*m(i) + r(i). Let l(y) = y. Let g be l(6). Calculate d(g).
14
Let k(v) be the third derivative of 15*v**2 + 0 - 2/3*v**3 + 1/24*v**4 + 0*v. Determine k(-6).
-10
Let t(a) = -a**2 + 5*a - 1. Let m(o) = o**3 - 3*o**2 - o + 9. Let i be m(3). Give t(i).
-7
Let s(z) be the third derivative of -1/120*z**6 - 3/2*z**3 + 0*z**4 + z**2 + 0 - 1/60*z**5 + 0*z. Suppose -131*f = -68*f. Give s(f).
-9
Let o(y) be the third derivative of y**4/6 + y**3/6 + y**2. Suppose 11*m - 15 = -4*m. What is o(m)?
5
Let i = -33 - -27. Suppose 1 = 5*y - 34. Let b(o) = 1 - 6 + 6*o - y*o. Determine b(i).
1
Let b(a) = 11*a - 26. Let z(s) = 7*s - 17. Let l(w) = 5*b(w) - 8*z(w). Give l(3).
3
Let w(q) = -1892*q + 1895*q - q**2 - 4 + 0*q**2. Give w(4).
-8
Let y(d) = -d**2 + 4*d - 2. Let g be y(3). Let i(r) be the first derivative of 3/2*r**2 + 4 + r. What is i(g)?
4
Let r(u) = 2*u**2 - 2 + u**3 - 4*u**2 + 2*u - 3*u**2. Let s = 749 + -745. What is r(s)?
-10
Let h be -3*(3 - 22/6). Let z(a) = -14 + 18 + 2*a - a - 2*a**h + a**2. Determine z(0).
4
Let l(u) = -u**3 + 8*u**2 + 10*u - 10. Suppose 0 = 51*t - 47*t, -5*m = -3*t - 45. Give l(m).
-1
Let o(w) = -7*w + 596 - 592 - 12*w. Determine o(4).
-72
Suppose 4*m - 19 = 5. Let p = -103 - -108. Let a(g) = -g - 233*g**3 + 4*g - p*g + 232*g**3 + 6*g**2 + 6. Calculate a(m).
-6
Let w(o) be the third derivative of -o**5/120 - 3*o**4/8 - 3*o**3/2 - 30*o**2. Let g(h) be the first derivative of w(h). Determine g(-5).
-4
Let d(j) = j**2 - 2*j - 11. Let x = -102 + 107. Calculate d(x).
4
Let q be 5 + (0 + 4 - 3). Suppose -q*k + 4*k = 3*u - 14, k - 9 = -2*u. Let i be -5 - (-2 + 3)*k. Let w(a) = -a**2 - 6*a - 4. Calculate w(i).
-4
Let j(q) be the first derivative of q**2/2 + q - 109. Suppose 2*h + 0*h + 5*n + 25 = 0, -5*h + 5*n = 10. Give j(h).
-4
Let u(j) be the first derivative of -j**4/4 - 2*j**2 - 6*j + 451. Calculate u(0).
-6
Let i(p) be the second derivative of p**3/2 + 2*p**2 + 2*p. Suppose -b - 12 = -3*t - t, 3*t = 4*b - 4. Calculate i(t).
16
Let y(i) = i**2 + 5*i + 6. Let n be y(-3). Let o(z) = z**2 + 1. Calculate o(n).
1
Suppose -9*o + 4*o = -30. Suppose 5*p - 17 = -2*k, -k + 7 - 1 = 2*p. Let u(f) = 9*f + 12*f - p - 19*f. Give u(o).
7
Let w(n) = n - 2. Let u be w(6). Let y(c) be the first derivative of 5*c - 3/2*c**2 - 5 - c**3 + 1/4*c**4. Calculate y(u).
9
Let x(n) = 6 + 7 + 2*n**2 - 8 - 31*n + 3. Let f be x(15). Let a(i) = -i**3 - 6*i**2 + 7*i + 3. Give a(f).
3
Let y(n) be the first derivative of 2*n**3 + n**2/2 + 307. Give y(1).
7
Suppose -76 = -w - 74. Let d(p) = 3 - 2*p**w - 7*p + 5*p + p**2. Calculate d(-4).
-5
Suppose -8 + 8 = 12*t. Let f(k) = -5*k + 6. Let c(g) = -14*g + 19. Let a(x) = 4*c(x) - 11*f(x). What is a(t)?
10
Let s be 3*2/(-3*8/(-36)). Let l(c) = -3*c - 6. Calculate l(s).
-33
Let d(j) = 5*j - 1472*j**3 + 7 + 1471*j**3 - 1 - 7 - 2*j**2. Let c(v) = 5*v**3 + v**2. Let g be c(-1). Give d(g).
11
Let q(f) = -30*f**3 + 2*f**2 + 2*f + 1. Let w be q(-1). Let d = w - 26. Let s = d + 2. Let t(u) = -u**2 + 8*u - 3. Give t(s).
4
Let k(h) = 6*h**3 - 26*h**2 - 26*h + 3. Let j(n) = 2*n**3 - 9*n**2 - 9*n + 1. Let r(t) = 17*j(t) - 6*k(t). Determine r(3).
-19
Let q(n) = -n**2 + 2*n - 3. Suppose 0 = -3*o + 5*o - 10. Let v = 8 - o. Determine q(v).
-6
Let d(w) = -7*w**3 - 6*w**2 + 2*w + 6. Let r(t) = t**3 - t - 1. Let k(l) = -d(l) - 6*r(l). Let h = -16 + 13. Let b = -8 - h. What is k(b)?
5
Let h be (-3)/1*(-8)/6. Suppose 2*f - 5*s = h*f - 74, 4 = s. Suppose -5*k + f = -3. Let d(a) = -a**3 + 6*a**2. What is d(k)?
0
Let h(o) = -o**3 + 5*o**2 - 6*o + 7. Let u be h(3). Let a(f) = f**3 - 7*f**2 + f + 3. Determine a(u).
10
Let q(t) = t**2 + 3*t - 6. Let r be q(-5). Let o = 6 + -3. Let g(b) = -b**2 + o*b - 2 + 2 - 1 + 4. Calculate g(r).
-1
Let x(c) = -c - 3. Let d(f) = -f**3 - 5*f**2 + f + 7. Let p be d(-5). Suppose -r = -3*n + 7, 3*r - p*r + 7 = -n. Give x(r).
4
Let c be -8*3*(15/10 - 2). Let b(x) = -8*x + c*x + 3*x. Determine b(1).
7
Let y(g) = -18 - 104*g**2 - 11 - 112*g**2 + 326*g**2 + 15*g - 111*g**2. Give y(12).
7
Let z(m) = m + 4. Let u be z(-5). Let g be (-2)/(0 + u/3). Let n(k) be the third derivative o